{"id":8,"date":"2020-02-08T14:16:13","date_gmt":"2020-02-08T14:16:13","guid":{"rendered":"http:\/\/spendenlachen.de\/?page_id=8"},"modified":"2023-03-04T18:13:36","modified_gmt":"2023-03-04T18:13:36","slug":"startseite","status":"publish","type":"page","link":"http:\/\/spendenlachen.de\/","title":{"rendered":"Startseite"},"content":{"rendered":"\n<h1 class=\"pascal-font has-bright-blue-color has-text-color wp-block-heading\" style=\"font-style:italic;font-weight:600\">  Lachen ist gesund  <\/h1>\n\n\n\n<h2 class=\"fettrot has-dark-gray-color has-text-color wp-block-heading\" style=\"font-style:italic;font-weight:500\"><strong>Lachend spenden f\u00fcr&#8217;s Kinder<\/strong>hospiz<\/h2>\n\n\n\n<h2 class=\"fettrot has-dark-gray-color has-text-color wp-block-heading\" style=\"font-style:italic;font-weight:500\">Herzhaft haben wir schon gelacht bei:<\/h2>\n\n\n\n<ul class=\"wp-block-list\">\n<li>Geburtstagen und Familienfeiern<\/li>\n\n\n\n<li>Workshops auf Firmenevents<\/li>\n\n\n\n<li>Wanderungen<\/li>\n\n\n\n<li>Stadtfesten<\/li>\n<\/ul>\n\n\n\n<p class=\"has-dark-gray-color has-text-color\">Hier lache ich, lach mit<\/p>\n\n\n\n<figure class=\"wp-block-audio\"><audio controls src=\"http:\/\/spendenlachen.de\/wp-content\/uploads\/2023\/03\/LachprobeWH3.mp3\"><\/audio><\/figure>\n\n\n\n<p><\/p>\n\n\n\n<p><a href=\"mailto:willi@spendenlachen.de\">Kontaktieren<\/a> Sie mich &#8211; ich komme gerne.<\/p>\n\n\n\n<h2 class=\"fettrot has-dark-gray-color has-text-color wp-block-heading\" style=\"font-style:italic;font-weight:500\">Lachen k\u00f6nnen wir \u00fcberall<\/h2>\n\n\n\n<figure class=\"wp-block-embed is-type-video is-provider-youtube wp-block-embed-youtube wp-embed-aspect-16-9 wp-has-aspect-ratio\"><div class=\"wp-block-embed__wrapper\">\n<iframe loading=\"lazy\" title=\"Spendenlachen\" width=\"840\" height=\"473\" src=\"https:\/\/www.youtube.com\/embed\/eKJMwBXKCzE?feature=oembed\" frameborder=\"0\" allow=\"accelerometer; autoplay; clipboard-write; encrypted-media; gyroscope; picture-in-picture; web-share\" allowfullscreen><\/iframe>\n<\/div><\/figure>\n\n\n\n<p>Die Lachyogies lachen und bitten um Spenden f\u00fcr die Kinderhospize <\/p>\n\n\n\n<p>\nUnser Motto lautet, \n\n<\/p>\n\n\n\n<p class=\"has-bright-blue-color has-text-color\" style=\"font-size:24px;font-style:italic;font-weight:600\"> <strong><em>&nbsp;lachend spenden Gesunde f\u00fcr schwerstkranke Kinder  <\/em><\/strong><\/p>\n\n\n\n<p>es  gibt ca 50.000 Kinder und Jugendliche die an lebensverk\u00fcrzenden Krankheiten  leiden.&nbsp; Einige Berufliche und viele Ehren\u00e4mtler leisten ausgezeichnete Arbeit. Es werden auch Spenden f\u00fcr Leistungen ben\u00f6tigt. <\/p>\n\n\n\n<p>Beim Lachyoga lachen wir durch lustige, pantomimische \u00dcbungen , weil lachen so einfach ist. Und schon sprudeln die Gl\u00fcckshormone<\/p>\n\n\n\n<figure class=\"wp-block-embed is-type-video is-provider-youtube wp-block-embed-youtube wp-embed-aspect-16-9 wp-has-aspect-ratio\"><div class=\"wp-block-embed__wrapper\">\n<iframe loading=\"lazy\" title=\"Trailer LLL\" width=\"840\" height=\"473\" src=\"https:\/\/www.youtube.com\/embed\/MvBbXJLDVMw?feature=oembed\" frameborder=\"0\" allow=\"accelerometer; autoplay; clipboard-write; encrypted-media; gyroscope; picture-in-picture; web-share\" allowfullscreen><\/iframe>\n<\/div><\/figure>\n\n\n\n<p><\/p>\n\n\n\n<p class=\"pascal-button\">&#8230; mit lachenden Gr\u00fc\u00dfen:<br><a href=\"mailto:willi@spendenlachen.de\">Willi Hagemann<\/a><\/p>\n","protected":false},"excerpt":{"rendered":"<p>Lachen ist gesund Lachend spenden f\u00fcr&#8217;s Kinderhospiz Herzhaft haben wir schon gelacht bei: Hier lache ich, lach mit Kontaktieren Sie mich &#8211; ich komme gerne. Lachen k\u00f6nnen wir \u00fcberall Die Lachyogies lachen und bitten um Spenden f\u00fcr die Kinderhospize Unser Motto lautet, &nbsp;lachend spenden Gesunde f\u00fcr schwerstkranke Kinder es gibt ca 50.000 Kinder und Jugendliche &hellip; <a href=\"http:\/\/spendenlachen.de\/\" class=\"more-link\"><span class=\"screen-reader-text\">\u201eStartseite\u201c <\/span>weiterlesen<\/a><\/p>\n","protected":false},"author":1,"featured_media":0,"parent":0,"menu_order":0,"comment_status":"closed","ping_status":"closed","template":"","meta":{"footnotes":""},"class_list":["post-8","page","type-page","status-publish","hentry"],"_links":{"self":[{"href":"http:\/\/spendenlachen.de\/index.php?rest_route=\/wp\/v2\/pages\/8","targetHints":{"allow":["GET"]}}],"collection":[{"href":"http:\/\/spendenlachen.de\/index.php?rest_route=\/wp\/v2\/pages"}],"about":[{"href":"http:\/\/spendenlachen.de\/index.php?rest_route=\/wp\/v2\/types\/page"}],"author":[{"embeddable":true,"href":"http:\/\/spendenlachen.de\/index.php?rest_route=\/wp\/v2\/users\/1"}],"replies":[{"embeddable":true,"href":"http:\/\/spendenlachen.de\/index.php?rest_route=%2Fwp%2Fv2%2Fcomments&post=8"}],"version-history":[{"count":53,"href":"http:\/\/spendenlachen.de\/index.php?rest_route=\/wp\/v2\/pages\/8\/revisions"}],"predecessor-version":[{"id":277,"href":"http:\/\/spendenlachen.de\/index.php?rest_route=\/wp\/v2\/pages\/8\/revisions\/277"}],"wp:attachment":[{"href":"http:\/\/spendenlachen.de\/index.php?rest_route=%2Fwp%2Fv2%2Fmedia&parent=8"}],"curies":[{"name":"wp","href":"https:\/\/api.w.org\/{rel}","templated":true}]}}