{"id":349,"date":"2024-01-25T10:28:08","date_gmt":"2024-01-25T09:28:08","guid":{"rendered":"https:\/\/spendenlachen.de\/?page_id=349"},"modified":"2024-01-25T10:28:08","modified_gmt":"2024-01-25T09:28:08","slug":"mann-tut-lachen-gut","status":"publish","type":"page","link":"http:\/\/spendenlachen.de\/?page_id=349","title":{"rendered":"Mann tut lachen gut\u00a0"},"content":{"rendered":"\n<p>Wie herzhaft ist M\u00e4nnerlachen!<\/p>\n\n\n\n<p>Kr\u00e4ftig, lautes M\u00e4nnerlachen verbreitet eine wunderbare Energie!<\/p>\n\n\n\n<p>Lachen ist Hochleistungssport f\u00fcr die Muskeln, Mann kann sie lachend trainieren. Der Kreislauf kommt in Schwung und die Seele wird gestreichelt.&nbsp;<\/p>\n\n\n\n<p>Ganz wichtig::: \u201e<strong><em>das Kind im Manne wird gepflegt\u201c&nbsp;&nbsp;<\/em><\/strong><\/p>\n\n\n\n<p>&nbsp;Lachen ist ein soziales Schmiermittel. Die Unterhaltung wird lockerer&nbsp;<\/p>\n\n\n\n<p>und hilft schneller aus einem Tief heraus.<\/p>\n","protected":false},"excerpt":{"rendered":"<p>Wie herzhaft ist M\u00e4nnerlachen! Kr\u00e4ftig, lautes M\u00e4nnerlachen verbreitet eine wunderbare Energie! Lachen ist Hochleistungssport f\u00fcr die Muskeln, Mann kann sie lachend trainieren. Der Kreislauf kommt in Schwung und die Seele wird gestreichelt.&nbsp; Ganz wichtig::: \u201edas Kind im Manne wird gepflegt\u201c&nbsp;&nbsp; &nbsp;Lachen ist ein soziales Schmiermittel. Die Unterhaltung wird lockerer&nbsp; und hilft schneller aus einem Tief &hellip; <a href=\"http:\/\/spendenlachen.de\/?page_id=349\" class=\"more-link\"><span class=\"screen-reader-text\">\u201eMann tut lachen gut\u00a0\u201c <\/span>weiterlesen<\/a><\/p>\n","protected":false},"author":1,"featured_media":0,"parent":0,"menu_order":0,"comment_status":"closed","ping_status":"closed","template":"","meta":{"footnotes":""},"class_list":["post-349","page","type-page","status-publish","hentry"],"_links":{"self":[{"href":"http:\/\/spendenlachen.de\/index.php?rest_route=\/wp\/v2\/pages\/349","targetHints":{"allow":["GET"]}}],"collection":[{"href":"http:\/\/spendenlachen.de\/index.php?rest_route=\/wp\/v2\/pages"}],"about":[{"href":"http:\/\/spendenlachen.de\/index.php?rest_route=\/wp\/v2\/types\/page"}],"author":[{"embeddable":true,"href":"http:\/\/spendenlachen.de\/index.php?rest_route=\/wp\/v2\/users\/1"}],"replies":[{"embeddable":true,"href":"http:\/\/spendenlachen.de\/index.php?rest_route=%2Fwp%2Fv2%2Fcomments&post=349"}],"version-history":[{"count":1,"href":"http:\/\/spendenlachen.de\/index.php?rest_route=\/wp\/v2\/pages\/349\/revisions"}],"predecessor-version":[{"id":350,"href":"http:\/\/spendenlachen.de\/index.php?rest_route=\/wp\/v2\/pages\/349\/revisions\/350"}],"wp:attachment":[{"href":"http:\/\/spendenlachen.de\/index.php?rest_route=%2Fwp%2Fv2%2Fmedia&parent=349"}],"curies":[{"name":"wp","href":"https:\/\/api.w.org\/{rel}","templated":true}]}}